{"id":252,"date":"2016-08-28T21:19:47","date_gmt":"2016-08-28T21:19:47","guid":{"rendered":"https:\/\/savjetovaliste-vn.org\/?page_id=252"},"modified":"2016-09-01T19:58:54","modified_gmt":"2016-09-01T19:58:54","slug":"poslanje-centra","status":"publish","type":"page","link":"https:\/\/savjetovaliste-vn.org\/?page_id=252","title":{"rendered":"Poslanje Centra"},"content":{"rendered":"<p>\n\t<img loading=\"lazy\" decoding=\"async\" alt=\"Poslanje-Centra-za-savjetovanje-slika-370x247\" class=\"alignnone size-medium wp-image-281\" height=\"157\" src=\"https:\/\/savjetovaliste-vn.org\/wp-content\/uploads\/2016\/08\/Poslanje-Centra-za-savjetovanje-slika-370x247-300x200.jpg\" style=\"float: left;\" width=\"237\" srcset=\"https:\/\/savjetovaliste-vn.org\/wp-content\/uploads\/2016\/08\/Poslanje-Centra-za-savjetovanje-slika-370x247-300x200.jpg 300w, https:\/\/savjetovaliste-vn.org\/wp-content\/uploads\/2016\/08\/Poslanje-Centra-za-savjetovanje-slika-370x247.jpg 370w\" sizes=\"auto, (max-width: 237px) 100vw, 237px\" \/>\n<\/p>\n<p>\n\t&nbsp;\n<\/p>\n<p>\n\t&nbsp;\n<\/p>\n<p>\n\t&nbsp;\n<\/p>\n<div style=\"text-align: justify;\">\n\t&nbsp;\n<\/div>\n<div style=\"text-align: justify;\">\n\t<span style=\"font-size:14px;\"><span style=\"font-family: verdana,geneva,sans-serif;\">Centar za savjetovanje ima za cilj pomo\u0107i osobi u nadvladavanju psiholo&scaron;kih i duhovnih pote&scaron;ko\u0107a, pomo\u0107i joj da integrira ove dvije dimenzije, i usmjeriti je prema ve\u0107oj ljudskoj i kr&scaron;\u0107anskoj zrelosti. Centar nudi stru\u010dnu i pouzdanu pomo\u0107 osobama koje \u017eele: <\/span><\/span>\n<\/div>\n<p style=\"text-align: justify;\">\n\t<br \/>\n\t<span style=\"font-size:14px;\"><span style=\"font-family: verdana,geneva,sans-serif;\"><em>&bull;&nbsp;&nbsp;&nbsp; sebe bolje upoznati,<br \/>\n\t&bull;&nbsp;&nbsp;&nbsp; prihvatiti,<br \/>\n\t&bull;&nbsp;&nbsp;&nbsp; promijeniti,<br \/>\n\t&bull;&nbsp;&nbsp;&nbsp; rasti u vrijednostima osobnog poziva.<\/em><\/span><\/span>\n<\/p>\n<p style=\"text-align: justify;\">\n\t<span style=\"font-size:14px;\"><span style=\"font-family: verdana,geneva,sans-serif;\">Cilj je pru\u017eiti pomo\u0107 osobi kako bi rasla u nutarnjoj slobodi, te da bude autenti\u010dna i djelotvorna u svome pozivu, kao i u odnosima s drugim ljudima. Usluge Centra su prete\u017eito namijenjene odraslima, prije svega bogoslovima, kandidaticama za posve\u0107eni \u017eivot, studentima, sve\u0107enicima, redovnicima, redovnicama, vjernicima laicima, katoli\u010dkim obiteljima i bra\u010dnim parovima.<br \/>\n\t&nbsp;<br \/>\n\t&nbsp;<\/span><\/span><br \/>\n\t<strong><span style=\"font-size:16px;\"><span style=\"font-family: verdana,geneva,sans-serif;\">Usluge Centra uklju\u010duju:<\/span><\/span><\/strong>\n<\/p>\n<ul>\n<li style=\"text-align: justify;\">\n\t\t<span style=\"font-size:14px;\"><span style=\"font-family: verdana,geneva,sans-serif;\"><em>Procjenu osobnosti<\/em>: ovo podrazumijeva dubinsku spoznaju sebe, kao i eventualne pote&scaron;ko\u0107e i probleme koje osoba do\u017eivljava tijekom \u017eivota. Analiza osobnosti obavlja se kroz intervju i primjenom psiho-dijagnosti\u010dkih testova. Cilj je uvidjeti psihodinamiku osobe, jake strane osobnosti, te podru\u010dja koja zahtijevaju daljnje sazrijevanje. Analiza tako\u0111er pokazuje obrambene mehanizme i psihi\u010dke procese koji se odvijaju kod osobe, bilo u odnosu sa samom sobom ili u odnosu s drugima,<\/span><\/span>\n\t<\/li>\n<li style=\"text-align: justify;\">\n\t\t<span style=\"font-size:14px;\"><span style=\"font-family: verdana,geneva,sans-serif;\"><em>Slu&scaron;anje i savjetovanje<\/em>,<\/span><\/span>\n\t<\/li>\n<li style=\"text-align: justify;\">\n\t\t<span style=\"font-size:14px;\"><span style=\"font-family: verdana,geneva,sans-serif;\"><em>Kolokvij rasta u pozivu<\/em>: nakon &scaron;to je osoba pro&scaron;la procjenu osobnosti, mo\u017ee nastaviti s kolokvijima. Kroz kolokvije osoba uz pomo\u0107 psihologa radi na psiholo&scaron;kim pote&scaron;ko\u0107ama, dublje upoznaje svoju osobnu dinamiku koja kroz &#8211; manje ili vi&scaron;e &#8211; &bdquo;automatsko&rdquo; ponavljanje nau\u010denih obrazaca uzrokuje nutarnje neugodnosti, strahove, tjeskobu, te ote\u017eava odnos sa samim sobom, kao i s drugima. Kolokviji imaju za cilj pomo\u0107i osobi da integrira dvije komponente: ljudsku i kr&scaron;\u0107ansku.<\/span><\/span>\n\t<\/li>\n<\/ul>\n<p style=\"text-align: justify;\">\n\t<span style=\"font-size:14px;\"><span style=\"font-family: verdana,geneva,sans-serif;\">&nbsp;<\/span><\/span><br \/>\n\t<strong><span style=\"font-size:16px;\"><span style=\"font-family: verdana,geneva,sans-serif;\">Interdisciplinarna antropologija<\/span><\/span><\/strong><span style=\"font-size:14px;\"><span style=\"font-family: verdana,geneva,sans-serif;\"> <\/span><\/span>\n<\/p>\n<div style=\"text-align: justify;\">\n\t<span style=\"font-size:14px;\"><span style=\"font-family: verdana,geneva,sans-serif;\">U Centru se njeguje interdisciplinarni pristup \u010dovjeku, unutar okvira kr&scaron;\u0107anske antropologije. To zna\u010di da se \u010dovjeka promatra u njegovoj teolo&scaron;koj, filozofskoj i psihosocijalnoj dimenziji. Kr&scaron;\u0107anin se vi&scaron;e osje\u0107a pozvanim na teocentri\u010dno samonadila\u017eenje nego na samoostvarenje. Naime, kr&scaron;\u0107anin nadilazi samoga sebe, svega onoga &scaron;to jest, &scaron;to misli, osje\u0107a, ho\u0107e i ostvaruje, kako bi se usmjerio preko svoje sada&scaron;nje situacije i dohvatio Boga kao kona\u010dni cilj. Kr&scaron;\u0107anin time, &scaron;to nadilazi sebe kako bi u&scaron;ao u zajedni&scaron;tvo i jedinstvo s Bogom, ostvaruje sebe kao osobu.<\/span><\/span>\n<\/div>\n<div style=\"text-align: justify;\">\n\t<span style=\"font-size:14px;\"><span style=\"font-family: verdana,geneva,sans-serif;\">Istinsko samonadila\u017eenje koje se usmjerava na objektivne i objavljene kr&scaron;\u0107anske vrijednosti razlikuje se od psihoanaliti\u010dke i humanisti\u010dke psihologije, a ovu potonju se \u010desto prihva\u0107a u kr&scaron;\u0107anskim krugovima bez neophodnih zadr&scaron;ki. Humanisti\u010dka psihologija (Rogers, Maslow, Adler, Fromm), koja isklju\u010duje duhovnu dimenziju i molitvu koji su ontolo&scaron;ki svojstveni \u010dovjeku, usmjerena je na antropocentri\u010dno samonadila\u017eenje, ili mo\u017eemo re\u0107i na egocentri\u010dno i socijalno samonadila\u017eenje. Dakle, prema njima samoostvarenje se odvija kroz usavr&scaron;avanje \u010dovjeka i zajednice. To zna\u010di potpuno i skladno ostvarenje mogu\u0107nosti koje pojedinac posjeduje. Ovakvo poimanje te&scaron;ko prihva\u0107a teologiju kri\u017ea i \u017ertve, &scaron;to je u suprotnosti s kr&scaron;\u0107anskim pozivom. Ili, drugim rije\u010dima, humanisti\u010dka psihologija njeguje onaj pristup kojim se kod \u010dovjeka ja\u010da individualnost, neovisnost i neuvjetovanost. S druge strane, psihologija koja se temelji na kr&scaron;\u0107anskoj antropologiji nastoji pomo\u0107i \u010dovjeku kako bi se ostvario na putu prema Bogu te unutar kr&scaron;\u0107anske zajednice.<\/span><\/span>\n<\/div>\n<p style=\"text-align: justify;\">\n\t&nbsp;<\/p>\n","protected":false},"excerpt":{"rendered":"<p>&nbsp; &nbsp; &nbsp; &nbsp; Centar za savjetovanje ima za cilj pomo\u0107i osobi u nadvladavanju psiholo&scaron;kih i duhovnih pote&scaron;ko\u0107a, pomo\u0107i joj da integrira ove dvije dimenzije, i usmjeriti je prema ve\u0107oj ljudskoj i kr&scaron;\u0107anskoj zrelosti. Centar nudi stru\u010dnu i pouzdanu pomo\u0107 osobama koje \u017eele: &bull;&nbsp;&nbsp;&nbsp; sebe bolje upoznati, &bull;&nbsp;&nbsp;&nbsp; prihvatiti, &bull;&nbsp;&nbsp;&nbsp; promijeniti, &bull;&nbsp;&nbsp;&nbsp; rasti u vrijednostima [&hellip;]<\/p>\n","protected":false},"author":4,"featured_media":0,"parent":0,"menu_order":0,"comment_status":"closed","ping_status":"closed","template":"","meta":{"footnotes":""},"class_list":["post-252","page","type-page","status-publish","hentry"],"_links":{"self":[{"href":"https:\/\/savjetovaliste-vn.org\/index.php?rest_route=\/wp\/v2\/pages\/252","targetHints":{"allow":["GET"]}}],"collection":[{"href":"https:\/\/savjetovaliste-vn.org\/index.php?rest_route=\/wp\/v2\/pages"}],"about":[{"href":"https:\/\/savjetovaliste-vn.org\/index.php?rest_route=\/wp\/v2\/types\/page"}],"author":[{"embeddable":true,"href":"https:\/\/savjetovaliste-vn.org\/index.php?rest_route=\/wp\/v2\/users\/4"}],"replies":[{"embeddable":true,"href":"https:\/\/savjetovaliste-vn.org\/index.php?rest_route=%2Fwp%2Fv2%2Fcomments&post=252"}],"version-history":[{"count":9,"href":"https:\/\/savjetovaliste-vn.org\/index.php?rest_route=\/wp\/v2\/pages\/252\/revisions"}],"predecessor-version":[{"id":318,"href":"https:\/\/savjetovaliste-vn.org\/index.php?rest_route=\/wp\/v2\/pages\/252\/revisions\/318"}],"wp:attachment":[{"href":"https:\/\/savjetovaliste-vn.org\/index.php?rest_route=%2Fwp%2Fv2%2Fmedia&parent=252"}],"curies":[{"name":"wp","href":"https:\/\/api.w.org\/{rel}","templated":true}]}}